6746. Calculate h(d).
13
Let q(f) = -f**3 + 8*f**2 + 8*f + 9. Let k be q(9). Let i = 11 - 4. Let z(v) = 8*v - 9*v + 0*v - 1 - i. What is z(k)?
-8
Let q(c) = -134*c**2 + 1 - 10*c + 14*c + 135*c**2. Calculate q(-2).
-3
Let c(t) = t**3 + 4*t**2 - 4*t + 5. Let k(r) be the first derivative of -r**4/4 - 4*r**3/3 - 3*r**2/2 - 5*r + 6. Let s be k(-4). Let v = 2 - s. Determine c(v).
0
Suppose -5*l + 100 + 5 = 0. Let b be (-842)/14 + 3/l. Let x be -6*4/b*-5. Let h(w) = 2*w**3 - w - 1. What is h(x)?
-15
Let a(u) = 2*u - 1. Let l(i) = -11*i + 7. Suppose -2*d + 8*d - 6 = 0. Let h(o) = d*l(o) + 4*a(o). Determine h(-6).
21
Let x(m) = -4*m + 4. Let n be x(3). Let z = 10 + n. Let t(p) = p - 3*p**2 + 2*p**2 - 4 + 0*p**z + 1. Calculate t(3).
-9
Let w = -6 + 12. Let j(v) = -v**3 + 4 + 0*v**3 + 2*v**2 + 5*v**2 - 6*v. Give j(w).
4
Let o be ((-232)/12)/(2/(-3)). Suppose n + 6*t = t - o, -4*t = 2*n + 28. Let d be (-2 + 0)/(n/10). Let r(z) = 2*z. Determine r(d).
10
Let g(t) = 4930 - 3*t**3 + 4*t**3 + 2*t - 5*t**2 - 4918. Give g(4).
4
Let z(k) = -k**3 + 7*k**2 - 6*k + 4. Let q be 2/7 - (-3910)/35. Suppose -2*b - q = -124. Calculate z(b).
4
Let b(t) be the third derivative of 0*t - 1/120*t**6 + 0*t**5 + 1/24*t**4 + 0 + 5*t**2 - 1/3*t**3. Determine b(0).
-2
Suppose 4*h - 53 = c, -4*h + 59 = 2*c - c. Suppose 0 = 4*z - h - 66. Let i be (2 + -2)/(z/10). Let m(s) = s**2 + 1. Give m(i).
1
Suppose -4*f - 6*l = -3*l - 67, -5*l + 69 = 4*f. Let t = f + -12. Let z(d) = d**2 - 5*d - 1 + 4*d + t*d. Calculate z(-4).
3
Let j(v) = v - 8. Let s(f) = -f + 1. Suppose r + 4*d + 16 = 4*r, 0 = -2*r - 4*d + 4. Let w(g) = r*s(g) + j(g). Give w(-4).
8
Let l(x) = 2*x - 21. Let i be l(11). Suppose 2*a - i - 3 = 0. Let r(n) = -3*n + 1. Determine r(a).
-5
Let u(f) = 7 + 16*f - 8*f + 2*f**2 + 1 - 9*f - 10*f. Give u(4).
-4
Let u(q) be the first derivative of -q**6/60 - q**5/30 + q**4/12 + q**3/2 + 12*q**2 - 11. Let p(x) be the second derivative of u(x). Determine p(-2).
7
Let r = -537 - -543. Let n(k) = k**3 - 7*k**2 + 5*k + 5. Determine n(r).
-1
Let z(c) be the third derivative of -c**5/60 - c**4/12 - 2*c**3/3 - 264*c**2. Determine z(-2).
-4
Let g(h) = -1693*h - 8 + 16 + 1692*h. What is g(0)?
8
Suppose 0 = 5*x - 4*p - 7 - 5, 4*x + 4*p - 24 = 0. Suppose -x*w + 5 = 3*n, -2*w - 2*n + 0 = -2. Let y(d) = 4 + 50*d**w - 51*d**2 + 0 - 4*d. What is y(-6)?
-8
Let y(o) = -7*o**3 - o + 1. Let v be (8/(-10))/((-8)/40). Suppose -a = -s, v*s - 5*a + 3 = -2. Suppose 10 = 5*f + s. Determine y(f).
-7
Suppose g = 2*g - 1. Let p be g/((-10)/(-8) + -1). Let o(k) = 3 + 0 - p*k - 1. Give o(2).
-6
Let s(l) be the second derivative of -l**5/20 + 7*l**4/12 - 7*l**3/6 + 3*l**2 - 43*l - 4. Suppose 0 = -5*b + 3 + 17. Suppose -b*v + v + 18 = 0. What is s(v)?
0
Suppose -c - f = -8, -5*f + 0*f = -3*c + 40. Let w(y) = 4 - 8*y**2 + c*y**3 - 2*y + 11*y**2 - 9*y**3. Determine w(-4).
-4
Let p(c) = -5*c + 3. Let a be (-59 - -56)*5/3. Give p(a).
28
Suppose -25*p - 39 = -89. Let o(s) = 8*s**2 - 3*s + 2. Give o(p).
28
Let j(u) = u**2 + 10*u + 3. Suppose 235 = 13*o - 155. Suppose o = -4*z + 3*n, -5*n - 14 = 2*z + 14. Calculate j(z).
-6
Suppose 5*j = 2 - 27. Let g(t) = 4. Let u(y) = 2*y + 1. Let q(p) = j*u(p) + g(p). Calculate q(1).
-11
Let b(h) = -h + 15. Suppose -3*d + 17 = -4*u, -2*u - 18 = -2*d - u. Calculate b(d).
4
Let r(o) be the second derivative of o**8/6720 - o**7/280 + o**6/120 + o**5/24 - 11*o**4/3 + 19*o. Let k(j) be the third derivative of r(j). What is k(8)?
-11
Let k be (-1)/1*1*0/(-4). Let u(m) = -m - 4*m - 1 + k + 2*m. What is u(-2)?
5
Let s(f) = -f**3 + f**2 - 2. Suppose 0 = m + 4*y + 18, -6 = y - 1. Determine s(m).
-6
Let v(w) = w**3 + 2*w**2 + w. Let f = 30 - 28. Let t be (1 - f) + 0/(-10). Give v(t).
0
Let o(u) = 2372*u**2 - 2373*u**2 + 6 - 4*u + 0*u. What is o(-5)?
1
Let o(y) be the first derivative of -1/4*y**4 + 2 + 5*y + y**3 + 1/2*y**2. Suppose 36*x - 49*x + 52 = 0. Calculate o(x).
-7
Let i = -75 + 74. Let d(h) = -1. Let v(u) = -6*u**2 + u + 2. Let l(y) = i*v(y) - 2*d(y). Calculate l(1).
5
Let i(o) = 0 - 9 - 66*o + 64*o - o**3 + 6*o**2 + 3. Give i(5).
9
Let c(k) = -k**3 - 5*k**2 - 3*k + 4. Suppose 0 = 3*i - 24 - 18. Let a be (-5)/1 + 2 + 258/2. Let n be (-44)/i - (-18)/a. Calculate c(n).
-5
Let x(r) = 476*r - 236*r - 241*r - 6. Calculate x(5).
-11
Let a(n) = -n + 6. Let l = -251 - -243. Calculate a(l).
14
Let j(i) = -13*i - 5. Let g be 34/9 + (-36)/(-162). Let r(p) = 11 - 5*p + g*p - 8 + 8*p. Let o(h) = 4*j(h) + 7*r(h). What is o(2)?
-5
Let w(o) be the first derivative of -o**3/3 - o**2/2 - 1. Let v = 92 - 144. Let h = 53 + v. Determine w(h).
-2
Let j(p) = -p**3 - p**2 - 3*p - 1. Let o be 3*-3*-1*3/(-27). Let g be j(o). Let u(q) = q**2 + 2*q - 2. Calculate u(g).
6
Suppose 2*m - 4*r = 17 - 3, 3*m = r + 16. Let f(a) = 3*a**2 + 8*a + 10. Let v(o) = o**2 + 4*o + 5. Let y = 28 - 30. Let x(b) = y*f(b) + 5*v(b). Give x(m).
0
Let v(o) = 7*o**3 - 1 - 7 - 6*o**3 + 0*o**3 - 5*o**2 + 5. Give v(5).
-3
Let j be (-156)/(-2) + 11 + -13. Let i be 3/2*j/(-6). Let f = i + 18. Let h(m) = 12*m + 1. Determine h(f).
-11
Let l = -317 + 321. Let w(g) = -g - 5. Give w(l).
-9
Suppose -2*b = -3*g + 11, -4*g - 5*b + 2 + 5 = 0. Let k be (1/g - -3)*-3. Let t(y) = y + 15. Let v be t(k). Let w(x) = -3*x + 7. What is w(v)?
-8
Let h(o) = 3*o - 5. Let v be (-18)/(-4) + 25/(-50). Let x(r) = -r + 2. Let u(s) = v*h(s) + 9*x(s). Give u(6).
16
Let s(o) = o**3 - 5*o**2 - 13*o - 12. Let n = -291 + 298. What is s(n)?
-5
Let p = -2 + -8. Let a(q) be the third derivative of q**4/24 + 4*q**3/3 - 2244*q**2. Give a(p).
-2
Suppose 4*h - u = 30, -3*h = -4*u - 17 + 1. Let w be h/(-3)*(20 - 14). Let v = -10 - w. Let d(s) = s**2 - 7*s. Calculate d(v).
-6
Suppose 5*u + 0*y + y = -25, -5*y = 0. Let d = 10 + u. Let j(w) = w**3 - 4*w**2 - w - 5. Calculate j(d).
15
Let k = 1169 - 70139/60. Let w(t) be the third derivative of 0 + 0*t**3 - 1/120*t**6 - k*t**5 + 1/12*t**4 - 3*t**2 + 0*t. Determine w(2).
-8
Let m be (-130)/(-55) + 52/(-143). Let t(c) = 6*c**2 - c - 3. Give t(m).
19
Let o(u) = 2 + 20*u - 66*u + 23*u + 18*u. Determine o(1).
-3
Let p(r) = r**2 - 2*r + 3. Suppose 3*t - 177 = -60. Suppose -t + 15 = -8*c. Determine p(c).
6
Let u(l) = 27*l + 41*l - 59*l - 7. What is u(2)?
11
Let c(a) be the second derivative of a**5/20 + 7*a**4/12 + a**3/3 + 11*a**2/2 + 949*a. Give c(-7).
-3
Let y(d) = -11*d - 2. Let g(t) = -17*t - 26. Let q(b) = -g(b) + 2*y(b). Determine q(4).
2
Suppose -20*c + 18*c - a - 17 = 0, 5*a - 5 = 5*c. Let g(n) be the first derivative of -5/3*n**3 + 5/2*n**2 + 0*n - 1/4*n**4 - 1. Calculate g(c).
6
Let g = -297 + 287. Let a(f) = -f**3 - 9*f**2 + 11*f + 6. Give a(g).
-4
Let b(j) = -2*j**3 - 3*j**2 + 4. Let f(r) = r**3 - r. Let s(v) = v**3 - 11*v**2 + 12*v - 17. Let k be s(10). Let a(l) = k*f(l) + b(l). Give a(4).
8
Let r(c) be the third derivative of c**6/720 + c**5/24 + c**4/6 + 10*c**2. Let x(v) be the second derivative of r(v). Give x(0).
5
Let l = 3 + -4. Let o(b) = -2*b**3 - b**2 + 1. Let k be o(l). Let h(r) = 7*r**2 - 7*r**2 - r - 8 - r**2 + k*r**2. Calculate h(0).
-8
Let o(q) = -10*q - 5. Let p be o(-2). Let c(a) = 5*a + 10*a**2 - 14*a**2 + 22 - p - a**3. Calculate c(-5).
7
Let l(r) = -33 - 6*r + 77 - 31 + 3*r**2 + 6*r**2 + r**3 + 7*r. Give l(-9).
4
Let y = 1933 + -1934. Let n(w) = -39*w**3 - w - 1. Determine n(y).
39
Let j = 56 - 40. Let w = j - 11. Let q(t) = t**3 - 6*t**2 + 6*t. What is q(w)?
5
Suppose 5*x = k + 1, 7*k + 4*x = 3*k - 4. Let r be 0/15 - (k + 2). Let f = 6 - r. Let i(p) = -p**2 + 9*p - 7. Calculate i(f).
7
Let z(j) be the third derivative of -j**6/120 - 3*j**5/20 + j**4/4 - j**3/3 + 357*j**2. What is z(-10)?
38
Let n(o) = -o**2 - 4 + 6*o + 0*o + o**2 + 6*o**2 - 5*o**2. Suppose 0*u + 3*u + 18 = 0. What is n(u)?
-4
Suppose -47*a + 5 = -48*a. Let h(y) = y**3 + 3*y**2 - 5*y + 7. Give h(a).
-18
Let u(a) = 6*a**3 - 4*a**2 - a - 5. Let i(m) = m**2 + 1. Let r(b) = -4*i(b) - u(b). Calculate r(-1).
6
Let p(f) be the first derivative of f**3/3 - 5*f**2/2 - 10*f + 11. Determine p(7).
4
Let j(i) = 2*i - 2. Let t(l) = l + 1. Let k(w) = -j(w) + 3*t(w). Calculate k(-14).
-9
Let w(v) = 2*v + 28. Let l be w(-13). Let j(k) = -273*k**2 - l - 5*k + 0 + 274*k**2. Let c(s) = 6*s - 1. Let y be c(1). Calculate j(y).
-2
Let g(y) be the second derivative of